{"id":374,"date":"2020-04-15T11:41:48","date_gmt":"2020-04-15T09:41:48","guid":{"rendered":"https:\/\/yuko-osawa.com\/?page_id=374"},"modified":"2025-09-06T13:57:29","modified_gmt":"2025-09-06T11:57:29","slug":"agenda","status":"publish","type":"page","link":"https:\/\/yuko-osawa.com\/fr\/agenda\/","title":{"rendered":"Agenda"},"content":{"rendered":"\n<div class=\"wp-block-columns is-layout-flex wp-container-core-columns-is-layout-1 wp-block-columns-is-layout-flex\">\n<div class=\"wp-block-column is-layout-flow wp-block-column-is-layout-flow\" style=\"flex-basis:20%\">\n<p class=\"has-regular-font-size\"><strong>Septembre 2025<\/strong><\/p>\n\n\n\n<p><\/p>\n<\/div>\n\n\n\n<div class=\"wp-block-column is-layout-flow wp-block-column-is-layout-flow\" style=\"flex-basis:66.66%\">\n<p class=\"has-black-color has-text-color has-regular-font-size\"><strong><a href=\"https:\/\/leregarducygne.com\/evenement\/concert-intimiste-avec-seira-saito-nobuki-momma-et-yuko-osawa\/\">Concert intimiste<\/a><\/strong><br>2025\/9\/11 19h30<br>Avec Seira Saito (soprano) et Nobuki Momma (baryton)<br>@ Le Regard du Cygne (Paris 20e)<br>Entr\u00e9e libre<br><\/p>\n<\/div>\n<\/div>\n\n\n\n<div class=\"wp-block-columns is-layout-flex wp-container-core-columns-is-layout-2 wp-block-columns-is-layout-flex\">\n<div class=\"wp-block-column is-layout-flow wp-block-column-is-layout-flow\" style=\"flex-basis:20%\">\n<p class=\"has-regular-font-size\"><\/p>\n\n\n\n<p><\/p>\n<\/div>\n\n\n\n<div class=\"wp-block-column is-layout-flow wp-block-column-is-layout-flow\" style=\"flex-basis:66.66%\">\n<p class=\"has-black-color has-text-color has-regular-font-size\"><strong><a href=\"https:\/\/www.youtube.com\/watch?v=zmeIvIJaYys\">Rencontres<\/a><\/strong><br>2025\/9\/21 16h30<br><a href=\"https:\/\/www.steinleinchen.com\/\">Stein-lein-chen<\/a><br>@ Clamart<\/p>\n<\/div>\n<\/div>\n\n\n\n<div class=\"wp-block-columns is-layout-flex wp-container-core-columns-is-layout-3 wp-block-columns-is-layout-flex\">\n<div class=\"wp-block-column is-layout-flow wp-block-column-is-layout-flow\" style=\"flex-basis:20%\">\n<p class=\"has-regular-font-size\"><\/p>\n\n\n\n<p><\/p>\n<\/div>\n\n\n\n<div class=\"wp-block-column is-layout-flow wp-block-column-is-layout-flow\" style=\"flex-basis:66.66%\">\n<p class=\"has-black-color has-text-color has-regular-font-size\"><strong><a href=\"https:\/\/opera-palazzo.com\/\">Opera a Palazzo<\/a> : <\/strong>La Traviata<br>2025\/9\/21 20h<br>@ Mus\u00e9e Jacquemart-Andr\u00e9<br><\/p>\n<\/div>\n<\/div>\n\n\n\n<div class=\"wp-block-columns is-layout-flex wp-container-core-columns-is-layout-4 wp-block-columns-is-layout-flex\">\n<div class=\"wp-block-column is-layout-flow wp-block-column-is-layout-flow\" style=\"flex-basis:20%\">\n<p class=\"has-regular-font-size\"><\/p>\n\n\n\n<p><\/p>\n<\/div>\n\n\n\n<div class=\"wp-block-column is-layout-flow wp-block-column-is-layout-flow\" style=\"flex-basis:66.66%\">\n<p class=\"has-black-color has-text-color has-regular-font-size\"><strong><a href=\"https:\/\/opera-palazzo.com\/\">Opera a Palazzo<\/a> : <\/strong>La Traviata<br>2025\/9\/27 20h30<br>@ Mus\u00e9e Jacquemart-Andr\u00e9<br><\/p>\n<\/div>\n<\/div>\n\n\n\n<div class=\"wp-block-columns is-layout-flex wp-container-core-columns-is-layout-5 wp-block-columns-is-layout-flex\">\n<div class=\"wp-block-column is-layout-flow wp-block-column-is-layout-flow\" style=\"flex-basis:20%\">\n<p class=\"has-regular-font-size\"><strong>Octobre 2025<\/strong><\/p>\n\n\n\n<p><\/p>\n<\/div>\n\n\n\n<div class=\"wp-block-column is-layout-flow wp-block-column-is-layout-flow\" style=\"flex-basis:66.66%\">\n<p class=\"has-black-color has-text-color has-regular-font-size\"><a href=\"https:\/\/opera-palazzo.com\/\"><strong>Opera a Palazzo<\/strong><\/a> : Rigoletto<br>2025\/10\/11<br>@ Mus\u00e9e Jacquemart-Andr\u00e9<br><br><br><\/p>\n<\/div>\n<\/div>\n\n\n\n<div class=\"wp-block-columns is-layout-flex wp-container-core-columns-is-layout-6 wp-block-columns-is-layout-flex\">\n<div class=\"wp-block-column is-layout-flow wp-block-column-is-layout-flow\" style=\"flex-basis:20%\">\n<p class=\"has-regular-font-size\"><\/p>\n\n\n\n<p><\/p>\n<\/div>\n\n\n\n<div class=\"wp-block-column is-layout-flow wp-block-column-is-layout-flow\" style=\"flex-basis:66.66%\">\n<p class=\"has-black-color has-text-color has-regular-font-size\"><strong><a href=\"https:\/\/enesco-paris.com\/90-2\/accueil\/\">Concours de chant Georges Enesco 2025<\/a><\/strong><br>2025\/10\/12-15<br>La demi-finale (le 14), et la finale (le 15) seront publiques <br><\/p>\n<\/div>\n<\/div>\n\n\n\n<div class=\"wp-block-columns is-layout-flex wp-container-core-columns-is-layout-7 wp-block-columns-is-layout-flex\">\n<div class=\"wp-block-column is-layout-flow wp-block-column-is-layout-flow\" style=\"flex-basis:20%\">\n<p class=\"has-regular-font-size\"><\/p>\n\n\n\n<p><\/p>\n<\/div>\n\n\n\n<div class=\"wp-block-column is-layout-flow wp-block-column-is-layout-flow\" style=\"flex-basis:66.66%\">\n<p class=\"has-black-color has-text-color has-regular-font-size\"><strong><a href=\"https:\/\/lesmaitresduchant.com\/\">Concours d&rsquo;excellence 2025 (Concours de chant \u00e0 Paris des Ma\u00eetres du Chant)<\/a><\/strong><br>2025\/10\/18-19<br>La demi-finale et la finale (le 19) seront publiques<br><\/p>\n<\/div>\n<\/div>\n\n\n\n<div class=\"wp-block-columns is-layout-flex wp-container-core-columns-is-layout-8 wp-block-columns-is-layout-flex\">\n<div class=\"wp-block-column is-layout-flow wp-block-column-is-layout-flow\" style=\"flex-basis:20%\">\n<p class=\"has-regular-font-size\"><strong>Novembre 2025<\/strong><\/p>\n\n\n\n<p><\/p>\n<\/div>\n\n\n\n<div class=\"wp-block-column is-layout-flow wp-block-column-is-layout-flow\" style=\"flex-basis:66.66%\">\n<p class=\"has-black-color has-text-color has-regular-font-size\"><strong><a href=\"https:\/\/opera-palazzo.com\/\">Opera a Palazzo<\/a><\/strong> : Rigoletto<br>2025\/11\/15 20h30<br>@ Mus\u00e9e Jacquemart-Andr\u00e9<br><\/p>\n<\/div>\n<\/div>\n\n\n\n<div class=\"wp-block-columns is-layout-flex wp-container-core-columns-is-layout-9 wp-block-columns-is-layout-flex\">\n<div class=\"wp-block-column is-layout-flow wp-block-column-is-layout-flow\" style=\"flex-basis:20%\">\n<p class=\"has-regular-font-size\"><\/p>\n\n\n\n<p><\/p>\n<\/div>\n\n\n\n<div class=\"wp-block-column is-layout-flow wp-block-column-is-layout-flow\" style=\"flex-basis:66.66%\">\n<p class=\"has-black-color has-text-color has-regular-font-size\"><strong><a href=\"https:\/\/opera-palazzo.com\/\">Opera a Palazzo<\/a><\/strong> : La Traviata<br>2025\/11\/22 20h30<br>@ Mus\u00e9e Jacquemart-Andr\u00e9<br><\/p>\n<\/div>\n<\/div>\n\n\n\n<div class=\"wp-block-columns is-layout-flex wp-container-core-columns-is-layout-10 wp-block-columns-is-layout-flex\">\n<div class=\"wp-block-column is-layout-flow wp-block-column-is-layout-flow\" style=\"flex-basis:20%\">\n<p class=\"has-regular-font-size\"><\/p>\n\n\n\n<p><\/p>\n<\/div>\n\n\n\n<div class=\"wp-block-column is-layout-flow wp-block-column-is-layout-flow\" style=\"flex-basis:66.66%\">\n<p class=\"has-black-color has-text-color has-regular-font-size\"><strong>Nocturne de Laude<\/strong><br>2025\/11\/28 20h<br>Avec Hugo Tranchant (t\u00e9nor)<br>@ R\u00e9sidence priv\u00e9e Paris 14<br><\/p>\n<\/div>\n<\/div>\n","protected":false},"excerpt":{"rendered":"<p>Septembre 2025 Concert intimiste2025\/9\/11 19h30Avec Seira Saito (soprano) et Nobuki Momma (baryton)@ Le Regard du Cygne (Paris 20e)Entr\u00e9e libre Rencontres2025\/9\/21 16h30Stein-lein-chen@ Clamart Opera a Palazzo : La Traviata2025\/9\/21 20h@ Mus\u00e9e Jacquemart-Andr\u00e9 Opera a Palazzo : La Traviata2025\/9\/27 20h30@ Mus\u00e9e Jacquemart-Andr\u00e9 Octobre 2025 Opera a Palazzo : Rigoletto2025\/10\/11@ Mus\u00e9e Jacquemart-Andr\u00e9 Concours de chant Georges Enesco 20252025\/10\/12-15La&hellip;<\/p>\n","protected":false},"author":1,"featured_media":0,"parent":0,"menu_order":0,"comment_status":"closed","ping_status":"closed","template":"","meta":{"footnotes":""},"class_list":["post-374","page","type-page","status-publish","hentry"],"_links":{"self":[{"href":"https:\/\/yuko-osawa.com\/fr\/wp-json\/wp\/v2\/pages\/374","targetHints":{"allow":["GET"]}}],"collection":[{"href":"https:\/\/yuko-osawa.com\/fr\/wp-json\/wp\/v2\/pages"}],"about":[{"href":"https:\/\/yuko-osawa.com\/fr\/wp-json\/wp\/v2\/types\/page"}],"author":[{"embeddable":true,"href":"https:\/\/yuko-osawa.com\/fr\/wp-json\/wp\/v2\/users\/1"}],"replies":[{"embeddable":true,"href":"https:\/\/yuko-osawa.com\/fr\/wp-json\/wp\/v2\/comments?post=374"}],"version-history":[{"count":65,"href":"https:\/\/yuko-osawa.com\/fr\/wp-json\/wp\/v2\/pages\/374\/revisions"}],"predecessor-version":[{"id":961,"href":"https:\/\/yuko-osawa.com\/fr\/wp-json\/wp\/v2\/pages\/374\/revisions\/961"}],"wp:attachment":[{"href":"https:\/\/yuko-osawa.com\/fr\/wp-json\/wp\/v2\/media?parent=374"}],"curies":[{"name":"wp","href":"https:\/\/api.w.org\/{rel}","templated":true}]}}

<div class="wp-block-columns is-layout-flex wp-container-core-columns-is-layout-1 wp-block-columns-is-layout-flex">
<div class="wp-block-column is-layout-flow wp-block-column-is-layout-flow" style="flex-basis:20%">
<p class="has-regular-font-size"><strong>Septembre 2025</strong></p>



<p></p>
</div>



<div class="wp-block-column is-layout-flow wp-block-column-is-layout-flow" style="flex-basis:66.66%">
<p class="has-black-color has-text-color has-regular-font-size"><strong><a href="https://leregarducygne.com/evenement/concert-intimiste-avec-seira-saito-nobuki-momma-et-yuko-osawa/">Concert intimiste</a></strong><br>2025/9/11 19h30<br>Avec Seira Saito (soprano) et Nobuki Momma (baryton)<br>@ Le Regard du Cygne (Paris 20e)<br>Entrée libre<br></p>
</div>
</div>



<div class="wp-block-columns is-layout-flex wp-container-core-columns-is-layout-2 wp-block-columns-is-layout-flex">
<div class="wp-block-column is-layout-flow wp-block-column-is-layout-flow" style="flex-basis:20%">
<p class="has-regular-font-size"></p>



<p></p>
</div>



<div class="wp-block-column is-layout-flow wp-block-column-is-layout-flow" style="flex-basis:66.66%">
<p class="has-black-color has-text-color has-regular-font-size"><strong><a href="https://www.youtube.com/watch?v=zmeIvIJaYys">Rencontres</a></strong><br>2025/9/21 16h30<br><a href="https://www.steinleinchen.com/">Stein-lein-chen</a><br>@ Clamart</p>
</div>
</div>



<div class="wp-block-columns is-layout-flex wp-container-core-columns-is-layout-3 wp-block-columns-is-layout-flex">
<div class="wp-block-column is-layout-flow wp-block-column-is-layout-flow" style="flex-basis:20%">
<p class="has-regular-font-size"></p>



<p></p>
</div>



<div class="wp-block-column is-layout-flow wp-block-column-is-layout-flow" style="flex-basis:66.66%">
<p class="has-black-color has-text-color has-regular-font-size"><strong><a href="https://opera-palazzo.com/">Opera a Palazzo</a> : </strong>La Traviata<br>2025/9/21 20h<br>@ Musée Jacquemart-André<br></p>
</div>
</div>



<div class="wp-block-columns is-layout-flex wp-container-core-columns-is-layout-4 wp-block-columns-is-layout-flex">
<div class="wp-block-column is-layout-flow wp-block-column-is-layout-flow" style="flex-basis:20%">
<p class="has-regular-font-size"></p>



<p></p>
</div>



<div class="wp-block-column is-layout-flow wp-block-column-is-layout-flow" style="flex-basis:66.66%">
<p class="has-black-color has-text-color has-regular-font-size"><strong><a href="https://opera-palazzo.com/">Opera a Palazzo</a> : </strong>La Traviata<br>2025/9/27 20h30<br>@ Musée Jacquemart-André<br></p>
</div>
</div>



<div class="wp-block-columns is-layout-flex wp-container-core-columns-is-layout-5 wp-block-columns-is-layout-flex">
<div class="wp-block-column is-layout-flow wp-block-column-is-layout-flow" style="flex-basis:20%">
<p class="has-regular-font-size"><strong>Octobre 2025</strong></p>



<p></p>
</div>



<div class="wp-block-column is-layout-flow wp-block-column-is-layout-flow" style="flex-basis:66.66%">
<p class="has-black-color has-text-color has-regular-font-size"><a href="https://opera-palazzo.com/"><strong>Opera a Palazzo</strong></a> : Rigoletto<br>2025/10/11<br>@ Musée Jacquemart-André<br><br><br></p>
</div>
</div>



<div class="wp-block-columns is-layout-flex wp-container-core-columns-is-layout-6 wp-block-columns-is-layout-flex">
<div class="wp-block-column is-layout-flow wp-block-column-is-layout-flow" style="flex-basis:20%">
<p class="has-regular-font-size"></p>



<p></p>
</div>



<div class="wp-block-column is-layout-flow wp-block-column-is-layout-flow" style="flex-basis:66.66%">
<p class="has-black-color has-text-color has-regular-font-size"><strong><a href="https://enesco-paris.com/90-2/accueil/">Concours de chant Georges Enesco 2025</a></strong><br>2025/10/12-15<br>La demi-finale (le 14), et la finale (le 15) seront publiques <br></p>
</div>
</div>



<div class="wp-block-columns is-layout-flex wp-container-core-columns-is-layout-7 wp-block-columns-is-layout-flex">
<div class="wp-block-column is-layout-flow wp-block-column-is-layout-flow" style="flex-basis:20%">
<p class="has-regular-font-size"></p>



<p></p>
</div>



<div class="wp-block-column is-layout-flow wp-block-column-is-layout-flow" style="flex-basis:66.66%">
<p class="has-black-color has-text-color has-regular-font-size"><strong><a href="https://lesmaitresduchant.com/">Concours d&rsquo;excellence 2025 (Concours de chant à Paris des Maîtres du Chant)</a></strong><br>2025/10/18-19<br>La demi-finale et la finale (le 19) seront publiques<br></p>
</div>
</div>



<div class="wp-block-columns is-layout-flex wp-container-core-columns-is-layout-8 wp-block-columns-is-layout-flex">
<div class="wp-block-column is-layout-flow wp-block-column-is-layout-flow" style="flex-basis:20%">
<p class="has-regular-font-size"><strong>Novembre 2025</strong></p>



<p></p>
</div>



<div class="wp-block-column is-layout-flow wp-block-column-is-layout-flow" style="flex-basis:66.66%">
<p class="has-black-color has-text-color has-regular-font-size"><strong><a href="https://opera-palazzo.com/">Opera a Palazzo</a></strong> : Rigoletto<br>2025/11/15 20h30<br>@ Musée Jacquemart-André<br></p>
</div>
</div>



<div class="wp-block-columns is-layout-flex wp-container-core-columns-is-layout-9 wp-block-columns-is-layout-flex">
<div class="wp-block-column is-layout-flow wp-block-column-is-layout-flow" style="flex-basis:20%">
<p class="has-regular-font-size"></p>



<p></p>
</div>



<div class="wp-block-column is-layout-flow wp-block-column-is-layout-flow" style="flex-basis:66.66%">
<p class="has-black-color has-text-color has-regular-font-size"><strong><a href="https://opera-palazzo.com/">Opera a Palazzo</a></strong> : La Traviata<br>2025/11/22 20h30<br>@ Musée Jacquemart-André<br></p>
</div>
</div>



<div class="wp-block-columns is-layout-flex wp-container-core-columns-is-layout-10 wp-block-columns-is-layout-flex">
<div class="wp-block-column is-layout-flow wp-block-column-is-layout-flow" style="flex-basis:20%">
<p class="has-regular-font-size"></p>



<p></p>
</div>



<div class="wp-block-column is-layout-flow wp-block-column-is-layout-flow" style="flex-basis:66.66%">
<p class="has-black-color has-text-color has-regular-font-size"><strong>Nocturne de Laude</strong><br>2025/11/28 20h<br>Avec Hugo Tranchant (ténor)<br>@ Résidence privée Paris 14<br></p>
</div>
</div>

<p>Septembre 2025 Concert intimiste2025/9/11 19h30Avec Seira Saito (soprano) et Nobuki Momma (baryton)@ Le Regard du Cygne (Paris 20e)Entrée libre Rencontres2025/9/21 16h30Stein-lein-chen@ Clamart Opera a Palazzo : La Traviata2025/9/21 20h@ Musée Jacquemart-André Opera a Palazzo : La Traviata2025/9/27 20h30@ Musée Jacquemart-André Octobre 2025 Opera a Palazzo : Rigoletto2025/10/11@ Musée Jacquemart-André Concours de chant Georges Enesco 20252025/10/12-15La&hellip;</p>
